{"id":52,"date":"2019-10-15T11:18:52","date_gmt":"2019-10-15T09:18:52","guid":{"rendered":"https:\/\/laantiguavicalvaro.archimadrid.es\/?page_id=52"},"modified":"2023-09-28T09:49:35","modified_gmt":"2023-09-28T07:49:35","slug":"grupos-parroquiales","status":"publish","type":"page","link":"https:\/\/laantiguavicalvaro.archimadrid.es\/index.php\/grupos-parroquiales\/","title":{"rendered":"Grupos parroquiales"},"content":{"rendered":"<p style=\"text-align: left;\"><span style=\"color: #000000;\" data-darkreader-inline-color=\"\"><u><b><span style=\"font-family: Tahoma; font-size: large;\">GRUPOS PARROQUIALES<\/span><\/b><\/u><\/span><\/p>\n<p><b><span style=\"color: #ffffff; font-family: Tahoma; font-size: small;\" data-darkreader-inline-color=\"\"><span style=\"color: #000000;\" data-darkreader-inline-color=\"\">Aqu\u00ed puedes ver las tarjetas de presentaci\u00f3n de cada grupo parroquial.<\/span><\/span><\/b><\/p>\n<p><img loading=\"lazy\" decoding=\"async\" class=\"alignnone size-full wp-image-268 alignleft\" src=\"https:\/\/laantiguavicalvaro.archimadrid.es\/wp-content\/uploads\/2019\/12\/grupo_caritas_parroquial.jpg\" alt=\"\" width=\"283\" height=\"170\" \/>C\u00c1RITAS PARROQUIAL El grupo de C\u00e1ritas parroquial, que se compone de 10 personas, tiene una misi\u00f3n bien definida: atender a todos los necesitados que se presentan en nuestra Parroquia. Lo primero que se procura es acogerlos con inter\u00e9s y afecto, ofreci\u00e9ndoles primero un rato de charla con un caf\u00e9 por delante antes de exponer particularmente sus necesidades. Se intenta tambi\u00e9n un seguimiento personalizado, imprescindible para conceder ayudas econ\u00f3micas, alimentarias o de vestuario. Muchos se acercan a la Parroquia solicitando trabajo; en tal caso de les pone en contacto con aquellas personas que hayan ofrecido un puesto de trabajo y se les deriva hacia el S.O.I.E. Se trabaja tambi\u00e9n de mutuo acuerdo con los Servicios Sociales. Actualmente, el grupo cuenta con el suficiente n\u00famero de personas para desarrollar la labor que le est\u00e1 encomendada, pero cualquier nuevo voluntario ser\u00e1 bienvenido y nos ayudar\u00e1 a hacer los seguimientos con mayor dedicaci\u00f3n.<\/p>\n<hr \/>\n<p style=\"text-align: left;\"><img loading=\"lazy\" decoding=\"async\" class=\"size-full wp-image-269 alignleft\" src=\"https:\/\/laantiguavicalvaro.archimadrid.es\/wp-content\/uploads\/2019\/12\/grupo_bautismo.jpg\" alt=\"\" width=\"283\" height=\"170\" \/>Formado por laicos que tenemos la tarea de acoger y \u201cpreparar\u201d a las familias que solicitan el bautismo para sus peque\u00f1os. Nuestra actividad se desglosa en tres momentos. 1\u00ba Un mi\u00e9rcoles a las 19 horas en la calle Rastro acogemos a las familias, confirmamos que no se ha presentado obst\u00e1culo alguno para la celebraci\u00f3n, proporcionamos material e instrucciones para la Reuni\u00f3n del s\u00e1bado previo al domingo del bautizo. 2\u00ba La Reuni\u00f3n del s\u00e1bado a las 18 horas, donde procuramos dialogar y reflexionar sobre nuestra fe, los motivos y la responsabilidad que supone el ser Iglesia e incorporar a ella a nuestros hijos y explicamos el sentido y significado del ritual del bautismo. 3\u00ba La Celebraci\u00f3n del Sacramento del Bautismo, el domingo a las 17 o a las 18 horas, donde acompa\u00f1amos a las familias durante la liturgia en representaci\u00f3n de la parroquia y de la Iglesia que acoge a nuevos miembros. Para coordinarnos, revisar y preparar,\u00a0 solemos reunirnos con Jes\u00fas, el p\u00e1rroco, una vez al mes \u00a0y\u00a0 preparamos la Celebraci\u00f3n de la Candelaria con una eucarist\u00eda a la que invitamos a todas las familias de los bautizados en el a\u00f1o anterior. Aunque nos vamos apa\u00f1ando nos vendr\u00edan muy bien refuerzos.<\/p>\n<hr \/>\n<p><img loading=\"lazy\" decoding=\"async\" class=\"size-full wp-image-270 alignleft\" src=\"https:\/\/laantiguavicalvaro.archimadrid.es\/wp-content\/uploads\/2019\/12\/grupo_catequesis.jpg\" alt=\"\" width=\"283\" height=\"170\" \/>La catequesis de infancia en la Parroquia Santa Mar\u00eda la Antigua se imparte durante tres a\u00f1os a los ni\u00f1os que quieren realizar la Primera Comuni\u00f3n. Los ni\u00f1os empiezan la catequesis cuando est\u00e1n en segundo de Primaria.<\/p>\n<p>Los horarios en nuestra parroquia son\u00a0 el domingo tras la misa de la familia para la catequesis.<br \/>\nAdem\u00e1s, la catequesis de infancia incluye la asistencia obligatoria a Misa de las familias, que es a las 11:00.<br \/>\nLas inscripciones son en Septiembre, para empezar en Octubre. All\u00ed tenemos tambi\u00e9n el listado de las calles que corresponden a la Parroquia.<\/p>\n<p>&nbsp;<\/p>\n<hr \/>\n<p style=\"font-weight: 400;\"><img loading=\"lazy\" decoding=\"async\" class=\"size-full wp-image-271 alignleft\" src=\"https:\/\/laantiguavicalvaro.archimadrid.es\/wp-content\/uploads\/2019\/12\/grupo_cementerio.jpg\" alt=\"\" width=\"283\" height=\"170\" \/>Somos 6 personas (5 laicos y un sacerdote). Por ser parroquial el cementerio, atendemos el servicio religioso del mismo. La liturgia exequial sigue siendo uno de los momentos privilegiados de la pastoral eclesial actual.\u00a0La parroquia quiere tener compromiso fraterno, para expresar nuestra fe cristiana en la muerte y resurrecci\u00f3n de Jesucristo, el sentido esperanzador de nuestra oraci\u00f3n y el consuelo para quienes lamentan la muerte.<\/p>\n<p style=\"font-weight: 400;\">Ante el enigma de la muerte s\u00f3lo la Iglesia es capaz de pronunciar una palabra de consuelo. Dios salva al hombre de la muerte porque es el Dios de la vida.\u00a0Cristo, al morir en la cruz, asumi\u00f3 a todos en s\u00ed, en su muerte murieron todos Rm. 6-8.\u00a0La resurrecci\u00f3n de Jes\u00fas nos da la seguridad de que el que resucit\u00f3 a Cristo de entre los muertos dar\u00e1 tambi\u00e9n la vida a nuestros cuerpos mortales, Rm. 8-11.<\/p>\n<p>&nbsp;<\/p>\n<hr \/>\n<p><img loading=\"lazy\" decoding=\"async\" class=\"size-full wp-image-272 alignleft\" src=\"https:\/\/laantiguavicalvaro.archimadrid.es\/wp-content\/uploads\/2019\/12\/grupo_econom\u00eda.jpg\" alt=\"\" width=\"283\" height=\"170\" \/>El grupo de Econom\u00eda est\u00e1 formado por seis personas.<\/p>\n<p>Se re\u00fane los primeros jueves del mes a las 17:00 horas.<\/p>\n<p>Su misi\u00f3n es gestionar la Econom\u00eda de la Parroquia y el presidente es el p\u00e1rroco.<\/p>\n<p>&nbsp;<\/p>\n<p>&nbsp;<\/p>\n<hr \/>\n<p><img loading=\"lazy\" decoding=\"async\" class=\"size-full wp-image-273 alignleft\" src=\"https:\/\/laantiguavicalvaro.archimadrid.es\/wp-content\/uploads\/2019\/12\/grupo_entre_todos.jpg\" alt=\"\" width=\"283\" height=\"170\" \/>Ser soporte de informaci\u00f3n de la parroquia y servir de lazo de conexi\u00f3n entre los grupos parroquiales.<\/p>\n<p>entretodos.sm.antigua@gmail.com<\/p>\n<p>&nbsp;<\/p>\n<p>&nbsp;<\/p>\n<p>&nbsp;<\/p>\n<hr \/>\n<p><img loading=\"lazy\" decoding=\"async\" class=\"size-full wp-image-274 alignleft\" src=\"https:\/\/laantiguavicalvaro.archimadrid.es\/wp-content\/uploads\/2019\/12\/grupo_limpieza.jpg\" alt=\"\" width=\"283\" height=\"170\" \/><\/p>\n<p>Esta tarea la realizamos un grupo de catorce mujeres y un hombre que se llama Juan que es un compa\u00f1ero estupendo y nos ayuda much\u00edsimo. Aprovechamos esta oportunidad para darle las gracias p\u00fablicamente. La limpieza la realizamos un jueves cada 15 d\u00edas a las cuatro de la tarde, y aunque parece que somos muchos no siempre podemos acudir todos por razones personales o de enfermedad, por lo que algunos d\u00edas somos poquitos y nuestro Templo es grande y hermoso y entonces ese d\u00eda s\u00ed que se nos hace grande, grande, pero cuando terminamos la tarea, hayamos sido muchos o pocos nos sentimos satisfechos y contentos por el trabajo realizado. Desde aqu\u00ed queremos deciros que si alguien quiere compartir un poco de su tiempo con nosotros ser\u00e1 bienvenido, \u00a1\u00a1animaos!! Es un voluntariado sencillo y gratificante. Para contactar con nosotros hacedlo en la sacrist\u00eda; gracias. Que Dios y Santa Mar\u00eda la Antigua nos de salud para seguir haciendo nuestra tarea muchos a\u00f1os.<\/p>\n<p>&nbsp;<\/p>\n<hr \/>\n<p>&nbsp;<\/p>\n<p style=\"font-weight: 400;\"><img loading=\"lazy\" decoding=\"async\" class=\"size-full wp-image-277 alignleft\" src=\"https:\/\/laantiguavicalvaro.archimadrid.es\/wp-content\/uploads\/2019\/12\/grupo_oracion.jpg\" alt=\"\" width=\"283\" height=\"170\" \/>Somos 11 personas y nos reunimos los lunes de 10:00 a 11:30.<\/p>\n<p style=\"font-weight: 400;\">Por la oraci\u00f3n descubrimos que te haces experto de comunicarte con Dios, al entrar en relaci\u00f3n personal y directa con \u00c9l, una relaci\u00f3n de amistad, de amor, de conocimiento y de comuni\u00f3n. La oraci\u00f3n potencia la fe, se hace fe vivida, compartida y gozada. La fe anunciada tiene que ser orada, no puede haber misi\u00f3n sin oraci\u00f3n. Jes\u00fas dir\u00e1 que es elegir la mejor parte. Orar es decir desde lo m\u00e1s \u00edntimo del coraz\u00f3n como Pedro, \u201cSe\u00f1or \u00a1a qui\u00e9n vamos a ir! T\u00fa tienes palabras de vida eterna\u201d.<\/p>\n<p>&nbsp;<\/p>\n<hr \/>\n<p align=\"justify\"><img loading=\"lazy\" decoding=\"async\" class=\"size-full wp-image-278 alignleft\" src=\"https:\/\/laantiguavicalvaro.archimadrid.es\/wp-content\/uploads\/2019\/12\/grupo_ornamentacion.jpg\" alt=\"\" width=\"283\" height=\"170\" \/><\/p>\n<p align=\"justify\">Somos un grupo de cuatro personas y nos dedicamos a la labor de lavar y planchar purificadores, albas y manteles, arreglo de flores y plantas.<\/p>\n<p align=\"justify\">El grupo est\u00e1 abierto a toda persona que desee integrarse.<\/p>\n<hr \/>\n<p>&nbsp;<\/p>\n<p>&nbsp;<\/p>\n<p>&nbsp;<\/p>\n<p>Actualmente nuestro e<img loading=\"lazy\" decoding=\"async\" class=\"size-full wp-image-279 alignleft\" src=\"https:\/\/laantiguavicalvaro.archimadrid.es\/wp-content\/uploads\/2019\/12\/grupo_Pastoral_sanitaria.jpg\" alt=\"\" width=\"283\" height=\"170\" \/>quipo est\u00e1 formado por 13 personas. Estamos abiertos a todo aquel que se sienta llamado y quiera unirse a nosotros para llevar a cabo esta tarea que la comunidad nos encomienda y que consiste en visitar y acompa\u00f1ar peri\u00f3dicamente a los enfermos y familiares as\u00ed como a las personas mayores, en sus domicilios, en los hospitales o residencias y cuando llega el momento, en la muerte y en el duelo.<\/p>\n<p>Nos reunimos\u00a0dos veces al mes: 2\u00ba viernes a las 5 de la tarde en los salones del Hogar Taranc\u00f3n y el 4\u00ba viernes a las 17:30h. en la Parroquia de San Valent\u00edn, con las visitadoras de las Parroquias de Vicalvaro.<\/p>\n<p>&nbsp;<\/p>\n<hr \/>\n<p>&nbsp;<\/p>\n","protected":false},"excerpt":{"rendered":"<p>GRUPOS PARROQUIALES Aqu\u00ed puedes ver las tarjetas de presentaci\u00f3n de cada grupo parroquial. C\u00c1RITAS PARROQUIAL El grupo de C\u00e1ritas parroquial, que se compone de 10 personas, tiene una misi\u00f3n bien definida: atender a todos los necesitados que se presentan en nuestra Parroquia. Lo primero que se procura es acogerlos con inter\u00e9s y afecto, ofreci\u00e9ndoles primero un rato de charla con un caf\u00e9 por delante antes de exponer particularmente sus necesidades. Se intenta tambi\u00e9n un seguimiento personalizado, imprescindible para conceder ayudas econ\u00f3micas, alimentarias o de vestuario. Muchos se acercan a la Parroquia solicitando trabajo; en tal caso de les pone en contacto con aquellas personas que hayan ofrecido un puesto de trabajo y se les deriva hacia el S.O.I.E. Se trabaja tambi\u00e9n de mutuo acuerdo con los Servicios Sociales. Actualmente, el grupo cuenta con el suficiente n\u00famero de personas para desarrollar la labor que le est\u00e1 encomendada, pero cualquier nuevo voluntario ser\u00e1 bienvenido y nos ayudar\u00e1 a hacer los seguimientos con mayor dedicaci\u00f3n. Formado por laicos que tenemos la tarea de acoger y \u201cpreparar\u201d a las familias que solicitan el bautismo para sus peque\u00f1os. Nuestra actividad se desglosa en tres momentos. 1\u00ba Un mi\u00e9rcoles a las 19 horas en la calle Rastro acogemos a las familias, confirmamos que no se ha presentado obst\u00e1culo alguno para la celebraci\u00f3n, proporcionamos material e instrucciones para la Reuni\u00f3n del s\u00e1bado previo al domingo del bautizo. 2\u00ba La Reuni\u00f3n del s\u00e1bado a las 18 horas, donde procuramos dialogar y reflexionar sobre nuestra fe, los motivos y la responsabilidad que supone el ser Iglesia e incorporar a ella a nuestros hijos y explicamos el sentido y significado del ritual del bautismo. 3\u00ba La Celebraci\u00f3n del Sacramento del Bautismo, el domingo a las 17 o a las 18 horas, donde acompa\u00f1amos a las familias durante la liturgia en representaci\u00f3n de la parroquia y de la Iglesia que acoge a nuevos miembros. Para coordinarnos, revisar y preparar,\u00a0 solemos reunirnos con Jes\u00fas, el p\u00e1rroco, una vez al mes \u00a0y\u00a0 preparamos la Celebraci\u00f3n de la Candelaria con una eucarist\u00eda a la que invitamos a todas las familias de los bautizados en el a\u00f1o anterior. Aunque nos vamos apa\u00f1ando nos vendr\u00edan muy bien refuerzos. La catequesis de infancia en la Parroquia Santa Mar\u00eda la Antigua se imparte durante tres a\u00f1os a los ni\u00f1os que quieren realizar la Primera Comuni\u00f3n. Los ni\u00f1os empiezan la catequesis cuando est\u00e1n en segundo de Primaria. Los horarios en nuestra parroquia son\u00a0 el domingo tras la misa de la familia para la catequesis. Adem\u00e1s, la catequesis de infancia incluye la asistencia obligatoria a Misa de las familias, que es a las 11:00. Las inscripciones son en Septiembre, para empezar en Octubre. All\u00ed tenemos tambi\u00e9n el listado de las calles que corresponden a la Parroquia. &nbsp; Somos 6 personas (5 laicos y un sacerdote). Por ser parroquial el cementerio, atendemos el servicio religioso del mismo. La liturgia exequial sigue siendo uno de los momentos privilegiados de la pastoral eclesial actual.\u00a0La parroquia quiere tener compromiso fraterno, para expresar nuestra fe cristiana en la muerte y resurrecci\u00f3n de Jesucristo, el sentido esperanzador de nuestra oraci\u00f3n y el consuelo para quienes lamentan la muerte. Ante el enigma de la muerte s\u00f3lo la Iglesia es capaz de pronunciar una palabra de consuelo. Dios salva al hombre de la muerte porque es el Dios de la vida.\u00a0Cristo, al morir en la cruz, asumi\u00f3 a todos en s\u00ed, en su muerte murieron todos Rm. 6-8.\u00a0La resurrecci\u00f3n de Jes\u00fas nos da la seguridad de que el que resucit\u00f3 a Cristo de entre los muertos dar\u00e1 tambi\u00e9n la vida a nuestros cuerpos mortales, Rm. 8-11. &nbsp; El grupo de Econom\u00eda est\u00e1 formado por seis personas. Se re\u00fane los primeros jueves del mes a las 17:00 horas. Su misi\u00f3n es gestionar la Econom\u00eda de la Parroquia y el presidente es el p\u00e1rroco. &nbsp; &nbsp; Ser soporte de informaci\u00f3n de la parroquia y servir de lazo de conexi\u00f3n entre los grupos parroquiales. entretodos.sm.antigua@gmail.com &nbsp; &nbsp; &nbsp; Esta tarea la realizamos un grupo de catorce mujeres y un hombre que se llama Juan que es un compa\u00f1ero estupendo y nos ayuda much\u00edsimo. Aprovechamos esta oportunidad para darle las gracias p\u00fablicamente. La limpieza la realizamos un jueves cada 15 d\u00edas a las cuatro de la tarde, y aunque parece que somos muchos no siempre podemos acudir todos por razones personales o de enfermedad, por lo que algunos d\u00edas somos poquitos y nuestro Templo es grande y hermoso y entonces ese d\u00eda s\u00ed que se nos hace grande, grande, pero cuando terminamos la tarea, hayamos sido muchos o pocos nos sentimos satisfechos y contentos por el trabajo realizado. Desde aqu\u00ed queremos deciros que si alguien quiere compartir un poco de su tiempo con nosotros ser\u00e1 bienvenido, \u00a1\u00a1animaos!! Es un voluntariado sencillo y gratificante. Para contactar con nosotros hacedlo en la sacrist\u00eda; gracias. Que Dios y Santa Mar\u00eda la Antigua nos de salud para seguir haciendo nuestra tarea muchos a\u00f1os. &nbsp; &nbsp; Somos 11 personas y nos reunimos los lunes de 10:00 a 11:30. Por la oraci\u00f3n descubrimos que te haces experto de comunicarte con Dios, al entrar en relaci\u00f3n personal y directa con \u00c9l, una relaci\u00f3n de amistad, de amor, de conocimiento y de comuni\u00f3n. La oraci\u00f3n potencia la fe, se hace fe vivida, compartida y gozada. La fe anunciada tiene que ser orada, no puede haber misi\u00f3n sin oraci\u00f3n. Jes\u00fas dir\u00e1 que es elegir la mejor parte. Orar es decir desde lo m\u00e1s \u00edntimo del coraz\u00f3n como Pedro, \u201cSe\u00f1or \u00a1a qui\u00e9n vamos a ir! T\u00fa tienes palabras de vida eterna\u201d. &nbsp; Somos un grupo de cuatro personas y nos dedicamos a la labor de lavar y planchar purificadores, albas y manteles, arreglo de flores y plantas. El grupo est\u00e1 abierto a toda persona que desee integrarse. &nbsp; &nbsp; &nbsp; Actualmente nuestro equipo est\u00e1 formado por 13 personas. Estamos abiertos a todo aquel que se sienta llamado y quiera unirse a nosotros para llevar a cabo esta tarea que la comunidad nos encomienda y que consiste en visitar y acompa\u00f1ar peri\u00f3dicamente a los enfermos y familiares as\u00ed como a las personas mayores, en sus domicilios, en los hospitales o residencias y cuando llega el momento, en la muerte y en el duelo. Nos reunimos\u00a0dos veces al mes: 2\u00ba viernes a las 5 de la tarde en los salones del Hogar Taranc\u00f3n y el 4\u00ba viernes a las 17:30h. en la Parroquia de San Valent\u00edn, con las visitadoras de las Parroquias de Vicalvaro. &nbsp; &nbsp;<\/p>\n","protected":false},"author":1,"featured_media":0,"parent":0,"menu_order":0,"comment_status":"closed","ping_status":"closed","template":"","meta":{"footnotes":""},"class_list":["post-52","page","type-page","status-publish","hentry"],"_links":{"self":[{"href":"https:\/\/laantiguavicalvaro.archimadrid.es\/index.php\/wp-json\/wp\/v2\/pages\/52","targetHints":{"allow":["GET"]}}],"collection":[{"href":"https:\/\/laantiguavicalvaro.archimadrid.es\/index.php\/wp-json\/wp\/v2\/pages"}],"about":[{"href":"https:\/\/laantiguavicalvaro.archimadrid.es\/index.php\/wp-json\/wp\/v2\/types\/page"}],"author":[{"embeddable":true,"href":"https:\/\/laantiguavicalvaro.archimadrid.es\/index.php\/wp-json\/wp\/v2\/users\/1"}],"replies":[{"embeddable":true,"href":"https:\/\/laantiguavicalvaro.archimadrid.es\/index.php\/wp-json\/wp\/v2\/comments?post=52"}],"version-history":[{"count":24,"href":"https:\/\/laantiguavicalvaro.archimadrid.es\/index.php\/wp-json\/wp\/v2\/pages\/52\/revisions"}],"predecessor-version":[{"id":585,"href":"https:\/\/laantiguavicalvaro.archimadrid.es\/index.php\/wp-json\/wp\/v2\/pages\/52\/revisions\/585"}],"wp:attachment":[{"href":"https:\/\/laantiguavicalvaro.archimadrid.es\/index.php\/wp-json\/wp\/v2\/media?parent=52"}],"curies":[{"name":"wp","href":"https:\/\/api.w.org\/{rel}","templated":true}]}}